45
What is the remainder when 262438 is divided by 52487?
3
What is the remainder when 2602 is divided by 944?
714
Calculate the remainder when 11765 is divided by 23.
12
What is the remainder when 914296 is divided by 446?
442
What is the remainder when 916393 is divided by 199?
197
What is the remainder when 5919 is divided by 1477?
11
What is the remainder when 164 is divided by 41?
0
What is the remainder when 751773 is divided by 1146?
1143
Calculate the remainder when 14412 is divided by 54.
48
What is the remainder when 531361 is divided by 21?
19
Calculate the remainder when 38163 is divided by 7.
6
What is the remainder when 1251 is divided by 79?
66
What is the remainder when 677783 is divided by 517?
513
Calculate the remainder when 24456 is divided by 543.
21
What is the remainder when 2384756 is divided by 204?
200
What is the remainder when 7980 is divided by 1593?
15
What is the remainder when 51470 is divided by 31?
10
Calculate the remainder when 4481 is divided by 2218.
45
Calculate the remainder when 8174 is divided by 66.
56
What is the remainder when 787006 is divided by 262335?
1
What is the remainder when 78811 is divided by 27?
25
What is the remainder when 2068 is divided by 62?
22
Calculate the remainder when 420029 is divided by 40.
29
Calculate the remainder when 137839 is divided by 21.
16
Calculate the remainder when 28684 is divided by 43.
3
Calculate the remainder when 99101 is divided by 33028.
17
Calculate the remainder when 106120 is divided by 75.
70
What is the remainder when 173908 is divided by 510?
508
What is the remainder when 50443 is divided by 171?
169
What is the remainder when 8613 is divided by 4297?
19
What is the remainder when 64019 is divided by 659?
96
What is the remainder when 6606 is divided by 3293?
20
Calculate the remainder when 587 is divided by 578.
9
What is the remainder when 199850 is divided by 68?
66
Calculate the remainder when 13695 is divided by 2.
1
What is the remainder when 98274 is divided by 520?
514
Calculate the remainder when 664 is divided by 225.
214
Calculate the remainder when 12732 is divided by 177.
165
What is the remainder when 3188 is divided by 63?
38
Calculate the remainder when 21027 is divided by 6.
3
Calculate the remainder when 223121 is divided by 231.
206
Calculate the remainder when 289607 is divided by 1557.
5
What is the remainder when 52218 is divided by 111?
48
Calculate the remainder when 3432 is divided by 3414.
18
What is the remainder when 1087 is divided by 135?
7
What is the remainder when 2627864 is divided by 1211?
1205
What is the remainder when 7000 is divided by 2307?
79
Calculate the remainder when 1076821 is divided by 41.
38
What is the remainder when 247462 is divided by 505?
12
What is the remainder when 3633 is divided by 501?
126
What is the remainder when 48621 is divided by 126?
111
What is the remainder when 177463 is divided by 75?
13
Calculate the remainder when 45108 is divided by 543.
39
What is the remainder when 165494 is divided by 27577?
32
Calculate the remainder when 54029 is divided by 1688.
13
What is the remainder when 51237 is divided by 45?
27
What is the remainder when 1211 is divided by 576?
59
What is the remainder when 72452 is divided by 99?
83
What is the remainder when 82076 is divided by 360?
356
What is the remainder when 180616 is divided by 426?
418
Calculate the remainder when 26337 is divided by 81.
12
Calculate the remainder when 48357 is divided by 403.
400
Calculate the remainder when 111794 is divided by 13.
7
Calculate the remainder when 40433 is divided by 268.
233
What is the remainder when 12883 is divided by 13?
0
What is the remainder when 53858 is divided by 20?
18
What is the remainder when 18989 is divided by 18?
17
Calculate the remainder when 69371 is divided by 91.
29
What is the remainder when 4991 is divided by 381?
38
Calculate the remainder when 8641 is divided by 2778.
307
What is the remainder when 756 is divided by 176?
52
What is the remainder when 29031 is divided by 484?
475
What is the remainder when 29777 is divided by 2671?
396
What is the remainder when 312441 is divided by 17?
15
Calculate the remainder when 23106 is divided by 208.
18
What is the remainder when 5526 is divided by 2864?
2662
Calculate the remainder when 17303 is divided by 84.
83
Calculate the remainder when 1930 is divided by 188.
50
What is the remainder when 24735 is divided by 32?
31
What is the remainder when 551733 is divided by 18?
15
Calculate the remainder when 24462 is divided by 105.
102
Calculate the remainder when 31674 is divided by 45.
39
What is the remainder when 54446 is divided by 13601?
42
Calculate the remainder when 3050 is divided by 37.
16
What is the remainder when 45275 is divided by 5030?
5
Calculate the remainder when 40772 is divided by 1315.
7
Calculate the remainder when 31355 is divided by 1123.
1034
Calculate the remainder when 4469 is divided by 246.
41
What is the remainder when 10230 is divided by 64?
54
What is the remainder when 579853 is divided by 5?
3
Calculate the remainder when 261495 is divided by 59.
7
What is the remainder when 7112 is divided by 338?
14
What is the remainder when 22306 is divided by 199?
18
Calculate the remainder when 9096 is divided by 729.
348
Calculate the remainder when 263055 is divided by 23.
4
Calculate the remainder when 117048 is divided by 25.
23
Calculate the remainder when 720 is divided by 292.
136
Calculate the remainder when 3109 is divided by 1034.
7
What is the remainder when 259367 is divided by 86431?
74
Calculate the remainder when 2657 is divided by 762.
371
Calculate the remainder when 1749 is divided by 194.
3
What is the remainder when 465036 is divided by 59?
57
What is the remainder when 48172 is divided by 57?
7
Calculate the remainder when 265852 is divided by 29.
9
What is the remainder when 228057 is divided by 18?
15
Calculate the remainder when 22973 is divided by 20.
13
Calculate the remainder when 150151 is divided by 3.
1
What is the remainder when 10237 is divided by 263?
243
Calculate the remainder when 48800 is divided by 27.
11
What is the remainder when 660 is divided by 208?
36
Calculate the remainder when 12699 is divided by 2536.
19
Calculate the remainder when 11505 is divided by 177.
0
What is the remainder when 44392 is divided by 14795?
7
Calculate the remainder when 664 is divided by 279.
106
What is the remainder when 55169 is divided by 3?
2
Calculate the remainder when 42797 is divided by 10694.
21
What is the remainder when 12485 is divided by 82?
21
Calculate the remainder when 9796 is divided by 4897.
2
What is the remainder when 82416 is divided by 56?
40
What is the remainder when 14247 is divided by 4736?
39
What is the remainder when 23116 is divided by 2303?
86
Calculate the remainder when 5480 is divided by 1678.
446
What is the remainder when 66767 is divided by 208?
207
What is the remainder when 2792 is divided by 400?
392
Calculate the remainder when 40164 is divided by 277.
276
Calculate the remainder when 6006 is divided by 745.
46
Calculate the remainder when 3852 is divided by 193.
185
Calculate the remainder when 1936 is divided by 923.
90
What is the remainder when 7491 is divided by 100?
91
What is the remainder when 177338 is divided by 20?
18
Calculate the remainder when 1516 is divided by 40.
36
Calculate the remainder when 15715 is divided by 286.
271
Calculate the remainder when 15261 is divided by 1082.
113
What is the remainder when 1383 is divided by 688?
7
Calculate the remainder when 5953 is divided by 26.
25
Calculate the remainder when 3522 is divided by 352.
2
What is the remainder when 513601 is divided by 26?
23
What is the remainder when 205 is divided by 72?
61
What is the remainder when 21704 is divided by 18?
14
Calculate the remainder when 106269 is divided by 864.
861
What is the remainder when 7855 is divided by 98?
15
Calculate the remainder when 75475 is divided by 713.
610
Calculate the remainder when 27580 is divided by 138.
118
What is the remainder when 6557912 is divided by 65?
62
Calculate the remainder when 158691 is divided by 158615.
76
Calculate the remainder when 49007 is divided by 192.
47
What is the remainder when 19093 is di